)?
80
Let m(r) = r**3 + 227*r**2 + 490*r + 9014. Give m(-225).
14
Let o(r) = 11*r**2 + 1335*r - 9371. What is o(7)?
513
Let u(h) = 7*h**2 + 616*h + 2889. Give u(-83).
-16
Let w(k) = -816*k + 29350. Calculate w(42).
-4922
Let a(g) = -8495*g - 42142. What is a(-5)?
333
Let g(z) = -5*z**2 - 46908*z - 982877. What is g(-21)?
-14
Let j(q) = q**2 - 44*q - 203. Determine j(-5).
42
Let z(c) = -11883*c + 380261. Give z(32).
5
Let l(d) = -145*d - 58104. Determine l(-401).
41
Let r(n) = 9958*n + 1463820. Calculate r(-147).
-6
Let y(a) = -6*a + 551. Give y(-13).
629
Let q(p) = -4512*p**2 - 18075*p - 22. Determine q(-4).
86
Let o(z) = 10428*z - 291960. Determine o(28).
24
Let a(j) = -3*j**2 - 201*j + 61. Determine a(-69).
-353
Let a(y) = 9454*y + 671235. Give a(-71).
1
Let y(s) = 31*s**2 - 860*s + 2585. What is y(3)?
284
Let y(k) = 2*k**3 + 170*k**2 + 7*k + 589. Give y(-85).
-6
Let j(o) = 2*o**3 + 230*o**2 - 10*o - 27144. Calculate j(-114).
-12
Let t(g) = -1402*g + 679950. Give t(485).
-20
Let f(j) = 434*j + 67381. Determine f(-155).
111
Let u(q) = -q**2 + 137*q - 3672. Give u(38).
90
Let w(z) = -734*z**2 - 159280*z - 422. Calculate w(-217).
12
Let m(x) = -x**2 + 20*x + 997. Calculate m(-27).
-272
Let w(r) = r**3 - 2*r**2 - 206*r + 69. Give w(-14).
-183
Let y(l) = -17*l**3 - 10*l**2 + 93*l. Determine y(4).
-876
Let h(m) = m**3 + 12*m**2 - 39*m + 47. What is h(3)?
65
Let w(o) = -2*o**3 + 85*o**2 - 860*o + 32. Determine w(25).
407
Let y(h) = -4*h**2 + 165*h - 2883. Give y(21).
-1182
Let r(g) = g**3 + 58*g**2 - 83*g + 1737. Calculate r(-60).
-483
Let k(w) = w**2 + 663*w + 21985. Determine k(-35).
5
Let r(i) = 5*i**2 - 19777*i - 59360. What is r(-3)?
16
Let u(a) = 31*a**3 + 492*a**2 + 805*a + 15. What is u(-14)?
113
Let c(k) = -2026*k - 625594. What is c(-309)?
440
Let c(b) = -5223*b - 40262. Calculate c(-8).
1522
Let h(k) = -2*k**2 + 20553*k + 185098. What is h(-9)?
-41
Let p(m) = -m**2 + 1481*m + 2309443. Calculate p(-950).
-7
Let l(t) = 2*t**2 - 26917*t + 6241021. Calculate l(236).
1
Let c(n) = 243*n**3 + 461*n**2 - 462*n + 2. Give c(1).
244
Let f(l) = 2*l**2 + 2339*l - 37792. What is f(16)?
144
Let x(y) = 208*y**3 + 18*y**2 - 20*y + 3. Give x(2).
1699
Let j(n) = -n**2 - 5552642*n - 72184182. Determine j(-13).
-5
Let t(i) = 2*i**2 + 52*i - 367. Determine t(-42).
977
Let v(g) = 19*g**3 + 2334*g**2 - 395*g - 3198. Determine v(-123).
0
Let i(f) = 1321*f - 136060. Give i(103).
3
Let n(j) = -8*j**2 + 58*j + 176. Give n(15).
-754
Let t(c) = -7204*c + 22142. What is t(3)?
530
Let r(k) = k**2 + 285*k + 17350. Give r(-85).
350
Let c(r) = 6379*r**2 + 210504*r - 101. Give c(-33).
-2
Let a(k) = -k**2 - 195*k + 36672. Calculate a(-313).
-262
Let y(h) = -3*h**2 - 669*h - 5408. Give y(-214).
370
Let b(y) = -48*y**2 - 16701*y + 1012. Calculate b(-348).
-32
Let t(w) = -3*w**2 + 9*w + 2258. What is t(29)?
-4
Let y(v) = 319*v + 997. Calculate y(-2).
359
Let g(i) = 19*i**3 + 163*i**2 - 63*i + 68. Give g(-9).
-13
Let v(c) = c**3 - 306*c**2 - 6182*c + 1576. Calculate v(325).
-699
Let b(c) = -c**3 - 16*c**2 - 4489*c - 86386. Give b(-19).
-12
Let w(a) = -284*a**2 - 15*a - 23. Determine w(0).
-23
Let y(c) = -5*c**2 - 27*c + 144. What is y(9)?
-504
Let a(p) = -p**3 - 140*p**2 + 1078*p + 112666. Give a(-142).
-82
Let u(o) = -o**2 - 121*o - 2804. Determine u(-32).
44
Let c(f) = -f**2 - 226*f - 7915. What is c(-41)?
-330
Let p(a) = 20*a**2 + 531*a + 2749. Determine p(-7).
12
Let f(r) = 2*r**2 - 311*r - 2435. Give f(-9).
526
Let p(s) = s**3 - 484*s**2 + 508*s - 12026. Determine p(483).
49
Let c(j) = -6997*j - 161053. Give c(-23).
-122
Let b(c) = c**3 + 26*c**2 - 82*c - 3518. Determine b(-29).
-3663
Let x(l) = 919215*l - 4596068. Give x(5).
7
Let n(h) = -52*h**3 - 3950*h**2 + 157*h + 385. What is n(-76)?
5
Let q(l) = -27110*l - 298162. Determine q(-11).
48
Let w(o) = o**2 + 226*o + 11931. Calculate w(-95).
-514
Let j(a) = -a**3 - 233*a**2 - 9289*a - 155860. What is j(-188)?
-8
Let i(g) = 2401*g**3 - 27*g**2 + 36*g - 10. Give i(1).
2400
Let v(t) = -167*t - 410. What is v(-2)?
-76
Let x(v) = -v**2 + 20625*v + 4249104. Determine x(-204).
-12
Let x(z) = -15037*z + 1172886. Give x(78).
0
Let k(m) = -53022*m + 265074. What is k(5)?
-36
Let c(s) = -2*s**2 - 57*s + 1136. What is c(-47)?
-603
Let g(r) = -215*r - 652. Calculate g(4).
-1512
Let d(f) = f**3 + 30*f**2 - 44*f - 486. Give d(-32).
-1126
Let k(p) = 3538*p - 233472. Give k(66).
36
Let k(b) = 25*b**2 + 399*b + 17. What is k(-16)?
33
Let s(x) = -65430*x - 327248. What is s(-5)?
-98
Let q(y) = -2404*y + 23745. Calculate q(10).
-295
Let q(t) = -t**3 + 392*t**2 - 2702*t + 149012. Give q(386).
16
Let q(h) = h - 208. Calculate q(-65).
-273
Let l(u) = 528*u + 2206. Calculate l(-4).
94
Let h(f) = -1009*f**2 - 2042*f + 8. Calculate h(-2).
56
Let u(c) = -20573*c + 82322. Calculate u(4).
30
Let s(z) = 485*z**2 - 31042*z + 80. Determine s(64).
-48
Let d(s) = -10575*s - 63454. What is d(-6)?
-4
Let z(l) = -114*l**2 + 35338*l + 614. Determine z(310).
-6
Let y(d) = d**2 + 930*d + 149671. Give y(-207).
10
Let s(i) = -i**3 + 2*i**2 + 37*i + 67. What is s(-3)?
1
Let r(d) = -2*d**3 + 61*d**2 - 1257*d + 2278. Calculate r(2).
-8
Let d(g) = 35442*g - 424972. Determine d(12).
332
Let l(x) = -83452*x - 250362. What is l(-3)?
-6
Let l(q) = q**2 + 6726*q + 53700. Give l(-8).
-44
Let t(g) = 1277769*g + 3833297. Calculate t(-3).
-10
Let c(j) = 4*j**2 - 1007*j - 57542. What is c(-48)?
10
Let b(i) = -i**3 - 2*i**2 - 113*i - 134. What is b(-8)?
1154
Let j(u) = u**3 + 213*u**2 + 3994*u - 7304. Determine j(-192).
-8
Let g(u) = -3*u**3 + 1684*u**2 + 1086*u + 21337. Give g(562).
-19
Let v(k) = -6422*k + 2485362. Calculate v(387).
48
Let i(q) = -242*q**2 + 1585*q - 1584. What is i(1)?
-241
Let h(y) = -3*y**3 - 1625*y**2 - 4349*y - 19958. Give h(-539).
-15
Let y(w) = w**2 + 3846*w - 2038104. Give y(472).
-8
Let q(m) = 447*m - 190432. Give q(426).
-10
Let s(u) = 9972*u + 139601. Give s(-14).
-7
Let j(q) = -1768*q + 60114. What is j(34)?
2
Let q(d) = -514*d + 17976. Determine q(36).
-528
Let u(y) = -13617*y + 476623. Give u(35).
28
Let c(x) = 114*x - 5347. What is c(41)?
-673
Let z(p) = -441*p - 5868. What is z(-13)?
-135
Let m(t) = -t**3 - 397*t**2 - 11346*t + 74. Calculate m(-366).
74
Let v(d) = 22*d**2 - 478*d - 251. Give v(22).
-119
Let m(b) = -2519*b**2 + 12638*b - 216. Calculate m(5).
-1
Let z(k) = 1768*k - 522. Give z(1).
1246
Let c(g) = 179394*g - 538152. Calculate c(3).
30
Let u(m) = 579*m - 25066. Calculate u(43).
-169
Let g(x) = x**3 - 54*x**2 - 217366*x - 2623. Determine g(-440).
17
Let v(z) = -z**3 - 41*z**2 - 38*z + 84. Determine v(1).
4
Let f(t) = -3*t**3 - 3*t**2 - 145*t + 149. Give f(1).
-2
Let l(g) = -8*g**2 - 73*g + 523. Calculate l(8).
-573
Let w(k) = -87*k + 14386. Give w(163).
205
Let i(x) = x**2 - 44*x - 314. Calculate i(20).
-794
Let u(t) = 9*t**2 + 97*t - 257. Determine u(-12).
-125
Let s(c) = -6*c**3 + 54*c**2 - 321*c + 2952. Give s(9).
63
Let d(k) = 5976*k - 173293. What is d(29)?
11
Let a(x) = x**2 - 5773*x + 68961. What is a(12)?
-171
Let j(n) = -n**3 + 22*n**2 - 233*n + 2872. Calculate j(18).
-26
Let t(l) = 3388*l + 535314. Determine t(-158).
10
Let x(d) = -2*d**3 - 125*d**2 - 1701*d + 887. Calculate x(-42).
5
Let k(v) = 20589*v - 638013. Give k(31).
246
Let g(w) = -w**3 - 132*w**2 - 1088*w + 2325. Determine g(-123).
-12
Let p(h) = 5*h**2 + 593*h + 17183. Determine p(-50).
33
Let q(p) = -5*p**2 + 27*p + 1521. Determine q(24).
-711
Let d(v) = 32*v**2 + 3928*v + 11801. Determine d(-3).
305
Let a(j) = -198*j**2 + 19605*j - 15. Determine a(99).
282
Let i(g) = -48083*g + 577045. Determine i(12).
49
Let o(d) = -d**3 - 8*d**2 + 35008*d + 245004. Determine o(-7).
-101
Let o(v) = -4*v**2 + 63335*v - 379895. What is o(6)?
-29
Let k(b) = -7*b**3 - 68*b**2 - 578*b - 7442. Give k(-11).
5
Let r(x) = -243*x - 1896. Calculate r(-7).
-195
Let o(a) = 379*a + 3811. What is o(-12)?
-737
Let p(r) = r**2 + 1546*r + 10814. What is p(-7)?
41
Let p(k) = -k**3 + 64*k**2 + 24*k - 1559. Give p(64).
-23
Let a(u) = u**3 + 2*u**2 - 457*u - 3801. Determine a(-10).
-31
Let z(o) = 9*o**3 + 2733*o**2 - 9211*o - 307. Calculate z(-307).
0
Let o(g) = -23*g**2 - 1320*g + 19953. Give o(15).
-5022
Let q(p) = -668*p - 87416. Calculate q(-131).
92
Let u(o) = -4309*o - 25877. Give u(-6)